{"id":1575,"date":"2023-02-06T23:01:39","date_gmt":"2023-02-06T22:01:39","guid":{"rendered":"https:\/\/gliwice.wordcamp.org\/2023\/?page_id=1575"},"modified":"2023-04-27T23:15:11","modified_gmt":"2023-04-27T21:15:11","slug":"porady-oczekiwania-dla-prelegentow","status":"publish","type":"page","link":"https:\/\/gliwice.wordcamp.org\/2023\/porady-oczekiwania-dla-prelegentow\/","title":{"rendered":"Porady i oczekiwania dla prelegent\u00f3w"},"content":{"rendered":"<p>Jeste\u015bmy wdzi\u0119czni za Twoje zainteresowanie pomoc\u0105 w zorganizowaniu WordCamp Gliwice!<\/p>\n<p>Chocia\u017c bardzo cenimy to, co prelegenci wnosz\u0105 do konferencji, nie mo\u017cemy pokry\u0107 koszt\u00f3w podr\u00f3\u017cy, zakwaterowania ani wynagrodzi\u0107 (finansowo) prelegent\u00f3w za ich czas, ale:<\/p>\n<ol>\n<li>Jako prelegent otrzymasz darmowy bilet na konferencj\u0119.<\/li>\n<li>Ka\u017cdy zatwierdzony przez nas prelegent otrzyma specjalny wpis na blogu oraz w mediach spo\u0142eczno\u015bciowych o swoim nadchodz\u0105cym wyst\u0105pieniu.<\/li>\n<li>Ka\u017cdy prelegent otrzyma najpotrzebniejsze wsparcie, zar\u00f3wno podczas prelekcji, jak i przed \u2013 zapoznamy si\u0119 z Twoj\u0105 prezentacj\u0105 i podpowiemy, jak lepiej j\u0105 przygotowa\u0107 pod k\u0105tem wyst\u0105pienia na WordCampie.<\/li>\n<li>Rola prelegenta to \u015bwietna okazja do pokazania swoich umiej\u0119tno\u015bci i sprawdzenia si\u0119 przed szersz\u0105 publiczno\u015bci\u0105.<\/li>\n<li>Ka\u017cdy prelegent otrzyma specjaln\u0105 odznak\u0119 na wordpress.org.<\/li>\n<\/ol>\n<p>Mamy kilka wskaz\u00f3wek i oczekiwa\u0144 dla prelegent\u00f3w, kt\u00f3rymi chcieliby\u015bmy si\u0119 z Tob\u0105 podzieli\u0107, aby pom\u00f3c Ci w przygotowaniu Twojego zg\u0142oszenia.<\/p>\n<h2>Wskaz\u00f3wki i oczekiwania<\/h2>\n<ol>\n<li><strong>Zg\u0142o\u015b temat, kt\u00f3ry Ci\u0119 pasjonuje!<\/strong> Nie musisz by\u0107 ekspertem, ale mamy nadziej\u0119, \u017ce masz ciekaw\u0105 histori\u0119 do opowiedzenia i umiej\u0119tno\u015bci, kt\u00f3rymi mo\u017cesz si\u0119 podzieli\u0107.<\/li>\n<li><strong>Sprawd\u017a pisowni\u0119 i gramatyk\u0119<\/strong> w swoim zg\u0142oszeniu, szczeg\u00f3lnie nazwy marek, takich jak WordPress, WordCamp itp.<\/li>\n<li><strong>Przygotuj tytu\u0142 i opis prelekcji gotowy do publikacji w agendzie.<\/strong> Twoje zg\u0142oszenie zostanie opublikowane w agendzie dok\u0142adnie w takiej formie, w jakiej je prze\u015blesz.<\/li>\n<li>Twoje szanse wzrosn\u0105, je\u015bli zg\u0142osisz wi\u0119cej ni\u017c jedn\u0105 propozycj\u0119 &#8211; czasami dostajemy wiele zg\u0142osze\u0144 na jeden temat, wi\u0119c je\u015bli zg\u0142osisz r\u00f3\u017cne prelekcje, \u0142atwiej b\u0119dzie Ci\u0119 uwzgl\u0119dni\u0107. <strong>Jednak nie zg\u0142aszaj wi\u0119cej ni\u017c dw\u00f3ch temat\u00f3w.<\/strong> We\u017amiemy pod uwag\u0119 tylko dwie ostatnie zg\u0142oszone przez Ciebie prelekcje.<\/li>\n<li>Unikaj temat\u00f3w lub skojarze\u0144 religijnych i politycznych.<\/li>\n<li>Wszystkie prezentacje b\u0119d\u0105 wy\u015bwietlanie na laptopie konferencyjnym (brak mo\u017cliwo\u015bci podpi\u0119cia swojego sprz\u0119tu), wymagany format prezentacji to <strong>PDF<\/strong>.<\/li>\n<li>Pytania publiczno\u015bci pojawi\u0105 si\u0119 dopiero na sam koniec dnia konferencyjnego, dlatego prosimy o niezamieszczanie w prezentacji slajdu dotycz\u0105cego pyta\u0144. Pytania zadawane b\u0119d\u0105 poprzez stron\u0119 WordCampa i b\u0119d\u0105 uprzednio weryfikowane. Wybrane zostan\u0105 te najciekawsze i przedstawione na sesji Q&amp;A. Uczestnicy konferencji zostan\u0105 o tym powiadomieni przez nas z odpowiednim wyprzedzeniem.<\/li>\n<li>Draft prezentacji musi zosta\u0107 przes\u0142any do nas do <strong>30. kwietnia<\/strong>, ostateczna wersja do <strong>8. maja<\/strong>, ale mile widziane jest przes\u0142anie jej wcze\u015bniej, aby\u015bmy mogli j\u0105 zweryfikowa\u0107 i pom\u00f3c przy ewentualnych problemach i w\u0105tpliwo\u015bciach.<\/li>\n<\/ol>\n<h2>Dobre praktyki przygotowania prezentacji<\/h2>\n<ol>\n<li>Dobra prezentacja to taka, kt\u00f3ra przykuje oko widowni. Staraj si\u0119 u\u017cywa\u0107 ciekawych ilustracji, adekwatnych screen\u00f3w.<\/li>\n<li>Unikaj slajd\u00f3w wypchanych tekstem! Nie robi\u0105 dobrego wra\u017cenia wyst\u0105pienia, podczas kt\u00f3rych prelegent m\u00f3wi dok\u0142adnie to, co jest napisane na slajdzie.<\/li>\n<li>Unikaj live codingu &#8211; z do\u015bwiadczenia wiemy, \u017ce podczas takich wyst\u0105pie\u0144 jest wi\u0119cej problem\u00f3w ni\u017c korzy\u015bci. Je\u017celi musisz os\u0105dzi\u0107 pewien proces tworzenia kodu \u2013 nagraj wcze\u015bniej filmik i zamie\u015b\u0107 go na slajdzie \u2013 pami\u0119taj, aby nie by\u0142 zbyt d\u0142ugi.<\/li>\n<li>Unikaj za\u0142\u0105czania film\u00f3w lub innych multimedi\u00f3w z zewn\u0105trz. Filmy i media osadzaj lokalnie w prezentacji (jako za\u0142\u0105cznik).<\/li>\n<li>Koniecznie prze\u0107wicz swoje wyst\u0105pienie wcze\u015bniej, pami\u0119taj, \u017ce musisz zmie\u015bci\u0107 si\u0119 w czasie <strong>18 minut<\/strong> i ten czas b\u0119dzie bardzo czujnie monitorowany ze wzgl\u0119du na zaplanowany program.<\/li>\n<li>Pami\u0119taj o sp\u00f3jno\u015bci i nie odbieganiu od tematyki prezentacji. Warto stosowa\u0107 metod\u0119 &#8222;od og\u00f3\u0142u do szczeg\u00f3\u0142u&#8221;.<\/li>\n<li>Postaraj si\u0119 unika\u0107 zbyt du\u017cej ilo\u015bci mem\u00f3w lub \u015bmiesznych tre\u015bci, aby nikogo nie urazi\u0107. Zapoznaj si\u0119 koniecznie z <a href=\"https:\/\/gliwice.wordcamp.org\/2023\/code-of-conduct\/\" target=\"_blank\" rel=\"noopener\">Zasadami Post\u0119powania<\/a>.<\/li>\n<\/ol>\n","protected":false},"excerpt":{"rendered":"<p>Jeste\u015bmy wdzi\u0119czni za Twoje zainteresowanie pomoc\u0105 w zorganizowaniu WordCamp Gliwice! Chocia\u017c bardzo cenimy to, co prelegenci wnosz\u0105 do konferencji, nie mo\u017cemy pokry\u0107 koszt\u00f3w podr\u00f3\u017cy, zakwaterowania ani wynagrodzi\u0107 (finansowo) prelegent\u00f3w za ich czas, ale: Jako prelegent otrzymasz darmowy bilet na konferencj\u0119. Ka\u017cdy zatwierdzony przez nas prelegent otrzyma specjalny wpis na blogu oraz w mediach spo\u0142eczno\u015bciowych o [&hellip;]<\/p>\n","protected":false},"author":227157,"featured_media":0,"parent":0,"menu_order":0,"comment_status":"closed","ping_status":"closed","template":"","meta":{"jetpack_post_was_ever_published":false,"footnotes":""},"class_list":["post-1575","page","type-page","status-publish","hentry"],"jetpack_sharing_enabled":true,"_links":{"self":[{"href":"https:\/\/gliwice.wordcamp.org\/2023\/wp-json\/wp\/v2\/pages\/1575","targetHints":{"allow":["GET"]}}],"collection":[{"href":"https:\/\/gliwice.wordcamp.org\/2023\/wp-json\/wp\/v2\/pages"}],"about":[{"href":"https:\/\/gliwice.wordcamp.org\/2023\/wp-json\/wp\/v2\/types\/page"}],"author":[{"embeddable":true,"href":"https:\/\/gliwice.wordcamp.org\/2023\/wp-json\/wp\/v2\/users\/227157"}],"replies":[{"embeddable":true,"href":"https:\/\/gliwice.wordcamp.org\/2023\/wp-json\/wp\/v2\/comments?post=1575"}],"version-history":[{"count":16,"href":"https:\/\/gliwice.wordcamp.org\/2023\/wp-json\/wp\/v2\/pages\/1575\/revisions"}],"predecessor-version":[{"id":4029,"href":"https:\/\/gliwice.wordcamp.org\/2023\/wp-json\/wp\/v2\/pages\/1575\/revisions\/4029"}],"wp:attachment":[{"href":"https:\/\/gliwice.wordcamp.org\/2023\/wp-json\/wp\/v2\/media?parent=1575"}],"curies":[{"name":"wp","href":"https:\/\/api.w.org\/{rel}","templated":true}]}}