{"id":1728,"date":"2023-02-13T22:38:47","date_gmt":"2023-02-13T21:38:47","guid":{"rendered":"https:\/\/gliwice.wordcamp.org\/2023\/?page_id=1728"},"modified":"2023-05-18T12:50:34","modified_gmt":"2023-05-18T10:50:34","slug":"before-middle-party","status":"publish","type":"page","link":"https:\/\/gliwice.wordcamp.org\/2023\/before-middle-party\/","title":{"rendered":"Before &amp; Middle Party"},"content":{"rendered":"\n<p>Nieodzownym punktem WordCampa jest integracja i rozmowy przy \u2615\ufe0f,\ud83e\uddc3,\ud83c\udf7b, \ud83e\udd42,\ud83c\udf78,\ud83e\uddc9,\ud83c\udf77, \ud83e\udd43 oraz \ud83d\udc83\ud83c\udffc\ud83d\udd7a\ud83c\udffb. Dlatego i tym razem zapraszamy Was ju\u017c w pi\u0105tek, 12 maja, na Before Party do Dobrego Zbeer&#8217;a, przy ul. Zygmunta Starego 11 a.<\/p>\n\n\n\n<figure class=\"wp-block-image size-large\"><img loading=\"lazy\" decoding=\"async\" width=\"1024\" height=\"575\" src=\"https:\/\/gliwice.wordcamp.org\/2023\/files\/2023\/02\/dobry-zbeer-1024x575.jpg\" alt=\"\" class=\"wp-image-1737\" srcset=\"https:\/\/gliwice.wordcamp.org\/2023\/files\/2023\/02\/dobry-zbeer-1024x575.jpg 1024w, https:\/\/gliwice.wordcamp.org\/2023\/files\/2023\/02\/dobry-zbeer-300x169.jpg 300w, https:\/\/gliwice.wordcamp.org\/2023\/files\/2023\/02\/dobry-zbeer-768x431.jpg 768w, https:\/\/gliwice.wordcamp.org\/2023\/files\/2023\/02\/dobry-zbeer-500x281.jpg 500w, https:\/\/gliwice.wordcamp.org\/2023\/files\/2023\/02\/dobry-zbeer.jpg 1440w\" sizes=\"auto, (max-width: 1024px) 100vw, 1024px\" \/><\/figure>\n\n\n\n<div style=\"height:10px\" aria-hidden=\"true\" class=\"wp-block-spacer\"><\/div>\n\n\n\n<p>A po intensywnym dniu pe\u0142nym prelekcji i niezapomnianych wra\u017ce\u0144 zapraszamy na Middle Party, kt\u00f3re odb\u0119dzie si\u0119 w sobot\u0119, 13 maja, w Klubie Mardi Gras, przy ul. Studziennej 8. <\/p>\n\n\n\n<figure class=\"wp-block-image size-full\"><img loading=\"lazy\" decoding=\"async\" width=\"1000\" height=\"599\" src=\"https:\/\/gliwice.wordcamp.org\/2023\/files\/2023\/02\/mardi-gras-7.jpg\" alt=\"\" class=\"wp-image-1730\" srcset=\"https:\/\/gliwice.wordcamp.org\/2023\/files\/2023\/02\/mardi-gras-7.jpg 1000w, https:\/\/gliwice.wordcamp.org\/2023\/files\/2023\/02\/mardi-gras-7-300x180.jpg 300w, https:\/\/gliwice.wordcamp.org\/2023\/files\/2023\/02\/mardi-gras-7-768x460.jpg 768w, https:\/\/gliwice.wordcamp.org\/2023\/files\/2023\/02\/mardi-gras-7-500x300.jpg 500w\" sizes=\"auto, (max-width: 1000px) 100vw, 1000px\" \/><\/figure>\n\n\n\n<div style=\"height:40px\" aria-hidden=\"true\" class=\"wp-block-spacer\"><\/div>\n\n\n\n<p>Wszystkie punkty znajduj\u0105 si\u0119 w samym centrum Gliwic!<\/p>\n\n\n\n<div class=\"googlemaps\">\n\t\t\t\t<iframe loading=\"lazy\" width=\"900\" height=\"480\" frameborder=\"0\" scrolling=\"no\" marginheight=\"0\" marginwidth=\"0\"  src=\"https:\/\/www.google.com\/maps\/d\/u\/0\/embed?mid=1YgHGn0nM34vqCdORxju0QzpZoETAGu8&#038;ehbc=2E312F\"><\/iframe>\n\t\t\t<\/div>\n\n\n\n<div style=\"height:50px\" aria-hidden=\"true\" class=\"wp-block-spacer\"><\/div>\n","protected":false},"excerpt":{"rendered":"<p>Nieodzownym punktem WordCampa jest integracja i rozmowy przy \u2615\ufe0f,\ud83e\uddc3,\ud83c\udf7b, \ud83e\udd42,\ud83c\udf78,\ud83e\uddc9,\ud83c\udf77, \ud83e\udd43 oraz \ud83d\udc83\ud83c\udffc\ud83d\udd7a\ud83c\udffb. Dlatego i tym razem zapraszamy Was ju\u017c w pi\u0105tek, 12 maja, na Before Party do Dobrego Zbeer&#8217;a, przy ul. Zygmunta Starego 11 a. A po intensywnym dniu pe\u0142nym prelekcji i niezapomnianych wra\u017ce\u0144 zapraszamy na Middle Party, kt\u00f3re odb\u0119dzie si\u0119 w sobot\u0119, 13 [&hellip;]<\/p>\n","protected":false},"author":5600279,"featured_media":0,"parent":0,"menu_order":0,"comment_status":"closed","ping_status":"closed","template":"","meta":{"jetpack_post_was_ever_published":false,"footnotes":""},"class_list":["post-1728","page","type-page","status-publish","hentry"],"jetpack_sharing_enabled":true,"_links":{"self":[{"href":"https:\/\/gliwice.wordcamp.org\/2023\/wp-json\/wp\/v2\/pages\/1728","targetHints":{"allow":["GET"]}}],"collection":[{"href":"https:\/\/gliwice.wordcamp.org\/2023\/wp-json\/wp\/v2\/pages"}],"about":[{"href":"https:\/\/gliwice.wordcamp.org\/2023\/wp-json\/wp\/v2\/types\/page"}],"author":[{"embeddable":true,"href":"https:\/\/gliwice.wordcamp.org\/2023\/wp-json\/wp\/v2\/users\/5600279"}],"replies":[{"embeddable":true,"href":"https:\/\/gliwice.wordcamp.org\/2023\/wp-json\/wp\/v2\/comments?post=1728"}],"version-history":[{"count":11,"href":"https:\/\/gliwice.wordcamp.org\/2023\/wp-json\/wp\/v2\/pages\/1728\/revisions"}],"predecessor-version":[{"id":4678,"href":"https:\/\/gliwice.wordcamp.org\/2023\/wp-json\/wp\/v2\/pages\/1728\/revisions\/4678"}],"wp:attachment":[{"href":"https:\/\/gliwice.wordcamp.org\/2023\/wp-json\/wp\/v2\/media?parent=1728"}],"curies":[{"name":"wp","href":"https:\/\/api.w.org\/{rel}","templated":true}]}}