{"id":1759,"date":"2023-02-14T23:30:09","date_gmt":"2023-02-14T22:30:09","guid":{"rendered":"https:\/\/gliwice.wordcamp.org\/2023\/?page_id=1759"},"modified":"2023-04-08T00:19:15","modified_gmt":"2023-04-07T22:19:15","slug":"warsztaty-prelegenci-formularz","status":"publish","type":"page","link":"https:\/\/gliwice.wordcamp.org\/2023\/warsztaty-prelegenci-formularz\/","title":{"rendered":"Poprowad\u017a warsztaty &#8211; formularz zg\u0142oszeniowy"},"content":{"rendered":"\n<p><strong>Formularz zosta\u0142 zamkni\u0119ty 7 kwietnia o 23:59. Wkr\u00f3tce skontaktujemy si\u0119 ze wszystkimi osobami, kt\u00f3re przes\u0142a\u0142y formularz. Dzi\u0119kujemy.<\/strong><\/p>\n\n\n\n<h2 class=\"wp-block-heading\">Wa\u017cne informacje<\/h2>\n\n\n\n<ul class=\"wp-block-list\">\n<li><a href=\"#tematyka\">Kryteria, kt\u00f3re musz\u0105 spe\u0142nia\u0107 warsztaty<\/a><a rel=\"noreferrer noopener\" href=\"https:\/\/gliwice.wordcamp.org\/2023\/porady-oczekiwania-dla-prelegentow\/\" target=\"_blank\"> \u2192<\/a><\/li>\n\n\n\n<li>Przeczytaj <a rel=\"noreferrer noopener\" href=\"https:\/\/gliwice.wordcamp.org\/2023\/porady-oczekiwania-dla-prelegentow\/\" target=\"_blank\">porady i oczekiwania dla prelegent\u00f3w \u2192<\/a><\/li>\n<\/ul>\n\n\n\n<h2 class=\"wp-block-heading\" id=\"tematyka\">Tematyka<\/h2>\n\n\n\n<p>WordPress jest dla nas najwa\u017cniejszy. Ale oczywi\u015bcie dooko\u0142a WordPressa funkcjonuje szereg r\u00f3\u017cnych dziedzin. Interesuj\u0105 nas warsztaty zar\u00f3wno techniczne jak i te zwi\u0105zane z e-marketingiem, SEO, blogowaniem, tworzeniem i analizowaniem tre\u015bci. Ka\u017cda tematyka, kt\u00f3ra wi\u0105\u017ce si\u0119 bezpo\u015brednio lub po\u015brednio ze \u015brodowiskiem WordPressa jest mile widziana.<\/p>\n\n\n\n<h2 class=\"wp-block-heading\">Jakie kryteria musz\u0105 spe\u0142ni\u0107 warsztaty<\/h2>\n\n\n\n<ol class=\"wp-block-list\">\n<li>Prezentacje dla warsztat\u00f3w kieruj\u0105 si\u0119 nieco innymi prawami: zaplanuj maksymalnie 80 minut, uwzgl\u0119dniaj\u0105c prezentacj\u0119 narz\u0119dzi, pytania oraz nieplanowane punkty rozpraszaj\u0105ce. Ca\u0142kowita d\u0142ugo\u015b\u0107 pojedynczych warsztat\u00f3w to <strong>40 albo 80 minut<\/strong>.<\/li>\n\n\n\n<li>Pami\u0119taj, aby materia\u0142y dla uczestnik\u00f3w warsztat\u00f3w przygotowa\u0107 z wyprzedzeniem. <strong>Minimum tydzie\u0144<\/strong> przed wydarzeniem musimy powiadomi\u0107 wszystkich zapisanych uczestnik\u00f3w o konieczno\u015bci pobrania okre\u015blonego oprogramowania (Twoje zg\u0142oszenie powinno zawiera\u0107 wst\u0119pn\u0105 list\u0119 wytycznych &#8211; szczeg\u00f3\u0142y b\u0119d\u0105 okre\u015blane po zatwierdzeniu Twojego warsztatu).<\/li>\n<\/ol>\n","protected":false},"excerpt":{"rendered":"<p>Formularz zosta\u0142 zamkni\u0119ty 7 kwietnia o 23:59. Wkr\u00f3tce skontaktujemy si\u0119 ze wszystkimi osobami, kt\u00f3re przes\u0142a\u0142y formularz. Dzi\u0119kujemy. Wa\u017cne informacje Tematyka WordPress jest dla nas najwa\u017cniejszy. Ale oczywi\u015bcie dooko\u0142a WordPressa funkcjonuje szereg r\u00f3\u017cnych dziedzin. Interesuj\u0105 nas warsztaty zar\u00f3wno techniczne jak i te zwi\u0105zane z e-marketingiem, SEO, blogowaniem, tworzeniem i analizowaniem tre\u015bci. Ka\u017cda tematyka, kt\u00f3ra wi\u0105\u017ce si\u0119 [&hellip;]<\/p>\n","protected":false},"author":227157,"featured_media":0,"parent":0,"menu_order":0,"comment_status":"closed","ping_status":"closed","template":"","meta":{"jetpack_post_was_ever_published":false,"footnotes":""},"class_list":["post-1759","page","type-page","status-publish","hentry"],"jetpack_sharing_enabled":true,"_links":{"self":[{"href":"https:\/\/gliwice.wordcamp.org\/2023\/wp-json\/wp\/v2\/pages\/1759","targetHints":{"allow":["GET"]}}],"collection":[{"href":"https:\/\/gliwice.wordcamp.org\/2023\/wp-json\/wp\/v2\/pages"}],"about":[{"href":"https:\/\/gliwice.wordcamp.org\/2023\/wp-json\/wp\/v2\/types\/page"}],"author":[{"embeddable":true,"href":"https:\/\/gliwice.wordcamp.org\/2023\/wp-json\/wp\/v2\/users\/227157"}],"replies":[{"embeddable":true,"href":"https:\/\/gliwice.wordcamp.org\/2023\/wp-json\/wp\/v2\/comments?post=1759"}],"version-history":[{"count":14,"href":"https:\/\/gliwice.wordcamp.org\/2023\/wp-json\/wp\/v2\/pages\/1759\/revisions"}],"predecessor-version":[{"id":3275,"href":"https:\/\/gliwice.wordcamp.org\/2023\/wp-json\/wp\/v2\/pages\/1759\/revisions\/3275"}],"wp:attachment":[{"href":"https:\/\/gliwice.wordcamp.org\/2023\/wp-json\/wp\/v2\/media?parent=1759"}],"curies":[{"name":"wp","href":"https:\/\/api.w.org\/{rel}","templated":true}]}}