{"id":2149,"date":"2023-03-04T13:55:26","date_gmt":"2023-03-04T12:55:26","guid":{"rendered":"https:\/\/gliwice.wordcamp.org\/2023\/?page_id=2149"},"modified":"2023-04-27T10:51:51","modified_gmt":"2023-04-27T08:51:51","slug":"kup-bilet","status":"publish","type":"page","link":"https:\/\/gliwice.wordcamp.org\/2023\/kup-bilet\/","title":{"rendered":"Kup bilet!"},"content":{"rendered":"\n<p>Sprzeda\u017c bilet\u00f3w odb\u0119dzie si\u0119 w dw\u00f3ch turach i potrwa do 7 maja 2023 roku lub do wyczerpania bilet\u00f3w. Ze wzgl\u0119d\u00f3w organizacyjnych zakup biletu <strong>po 26 kwietnia nie uwzgl\u0119dnia<\/strong> otrzymania wybranej koszulki. <\/p>\n\n\n\n<div class=\"wp-block-buttons is-content-justification-center is-layout-flex wp-container-core-buttons-is-layout-a89b3969 wp-block-buttons-is-layout-flex\">\n<div class=\"wp-block-button has-custom-width wp-block-button__width-50 has-custom-font-size\" style=\"font-size:1.4rem\"><a class=\"wp-block-button__link has-custom-orange-background-color has-background wp-element-button\" href=\"https:\/\/gliwice.wordcamp.org\/2023\/bilety\/\">Kupuj\u0119!<\/a><\/div>\n<\/div>\n\n\n\n<div style=\"height:10px\" aria-hidden=\"true\" class=\"wp-block-spacer\"><\/div>\n\n\n\n<p>Zakup biletu&nbsp;\ud83c\udf9f\ufe0f <strong>upowa\u017cnia Ci\u0119<\/strong>&nbsp;do:<\/p>\n\n\n\n<ul class=\"wp-block-list\">\n<li>Uczestnictwa we wszystkich 3 dniach konferencji (12-14 maja)<\/li>\n\n\n\n<li>Uczestnictwa w<strong> warsztatach<\/strong> i<strong> mastermindzie<\/strong>, pod warunkiem wcze\u015bniejszego zarejestrowania si\u0119 na wybranym warsztacie (rejestracja na warsztaty odb\u0119dzie si\u0119 za pomoc\u0105 osobnego formularza, ilo\u015b\u0107 miejsc ograniczona\u2757\ufe0f)<\/li>\n\n\n\n<li>Uczestnictwa w&nbsp;<a href=\"https:\/\/gliwice.wordcamp.org\/2023\/contributor-day\/\" data-type=\"page\" data-id=\"781\">Contributor Day<\/a>&nbsp;(12 maja)<\/li>\n\n\n\n<li>Uczestnictwa w 2 dniach pe\u0142nych inspiruj\u0105cych prelekcji (13-14 maja)<\/li>\n<\/ul>\n\n\n\n<p>Poza tym&nbsp;<strong>cena biletu \ud83c\udf9f\ufe0f<\/strong> <strong>obejmuje<\/strong>:<\/p>\n\n\n\n<ul class=\"wp-block-list\">\n<li><strong>Lunch<\/strong> \ud83c\udf56\ud83e\udd57, przek\u0105ski&nbsp;\ud83c\udf4e\ud83c\udf6a oraz <strong>kaw\u0119<\/strong> \u2615\ufe0f i napoje\ud83e\uddc3w trakcie trwania konferencji<\/li>\n\n\n\n<li>Uczestnictwo w <a href=\"https:\/\/gliwice.wordcamp.org\/2023\/before-middle-party\/\" data-type=\"page\" data-id=\"1728\">Before Party<\/a> \ud83c\udf7b (12 maja)<\/li>\n\n\n\n<li>Uczestnictwo w&nbsp;<a href=\"https:\/\/gliwice.wordcamp.org\/2023\/before-middle-party\/\" data-type=\"page\" data-id=\"1728\">Middle Party<\/a>&nbsp;\ud83d\udc83\ud83c\udffc \ud83d\udd7a\ud83c\udffb\ud83c\udf7e(13 maja)<\/li>\n\n\n\n<li>Oficjalny<strong>&nbsp;<a href=\"https:\/\/gliwice.wordcamp.org\/2023\/posadzmy-razem-kawalek-lasu\/\" data-type=\"post\" data-id=\"2043\">Swag<\/a><\/strong>&nbsp;\ud83c\udf32\ud83c\udf40\ud83c\udf33 WordCamp Gliwice 2023<\/li>\n\n\n\n<li>Koszulk\u0119 \ud83d\udc5a\ud83d\udc55 (<a href=\"https:\/\/gliwice.wordcamp.org\/2023\/jaka-koszulke-wybrac\/\">sprawd\u017a jaki wybra\u0107 rozmiar<\/a>) (tylko dla bilet\u00f3w zakupionych do 26 kwietnia)<\/li>\n\n\n\n<li>Niezapomniane rozmowy i networking \ud83e\udd1d \ud83d\udc4b\ud83d\udca5<\/li>\n<\/ul>\n\n\n\n<div style=\"height:10px\" aria-hidden=\"true\" class=\"wp-block-spacer\"><\/div>\n\n\n\n<div class=\"wp-block-buttons is-content-justification-center is-layout-flex wp-container-core-buttons-is-layout-a89b3969 wp-block-buttons-is-layout-flex\">\n<div class=\"wp-block-button has-custom-width wp-block-button__width-50 has-custom-font-size\" style=\"font-size:1.4rem\"><a class=\"wp-block-button__link has-custom-orange-background-color has-background wp-element-button\" href=\"https:\/\/gliwice.wordcamp.org\/2023\/bilety\/\">TAK, chc\u0119 kupi\u0107 bilet!<\/a><\/div>\n<\/div>\n\n\n\n<div style=\"height:10px\" aria-hidden=\"true\" class=\"wp-block-spacer\"><\/div>\n\n\n\n<p>P\u0142atno\u015bci za bilety mo\u017cna dokona\u0107 za po\u015brednictwem&nbsp;<strong>PayPal<\/strong> lub karty kredytowej (<strong>Stripe<\/strong>).<\/p>\n\n\n\n<p>Aby otrzyma\u0107 faktur\u0119, na ko\u0144cu formularza rejestracyjnego nale\u017cy zaznaczy\u0107 odpowiednie pole i wype\u0142ni\u0107 je niezb\u0119dnymi danymi. Dokument wystawiany jest przez&nbsp;<a href=\"http:\/\/wordpressfoundation.org\/\">Fundacj\u0119 WordPressa<\/a>&nbsp;i jest w j\u0119zyku angielskim.<\/p>\n\n\n\n<p>Nie ma potrzeby przynoszenia ze sob\u0105 wydrukowanych bilet\u00f3w czy innych potwierdze\u0144. Po przybyciu na miejsce prosimy o zg\u0142oszenie si\u0119 do recepcji w celu odbioru&nbsp;identyfikatora i koszulki.<\/p>\n\n\n\n<div style=\"height:10px\" aria-hidden=\"true\" class=\"wp-block-spacer\"><\/div>\n\n\n\n<h2 class=\"wp-block-heading\">Bilety dla sponsor\u00f3w<\/h2>\n\n\n\n<p>Wykupienie pakietu sponsorskiego przez Sponsora jest jednoznaczne z nabyciem bilet\u00f3w wst\u0119pu na konferencj\u0119. Szczeg\u00f3\u0142y dotycz\u0105ce ilo\u015bci bilet\u00f3w dla poszczeg\u00f3lnych pakiet\u00f3w s\u0105 opisane na stronie&nbsp;<a href=\"https:\/\/gliwice.wordcamp.org\/2023\/oferta-sponsorska\/\" data-type=\"page\" data-id=\"1372\">oferty sponsorskiej<\/a>.&nbsp;Niemniej jednak ka\u017cdy uczestnik musi wype\u0142ni\u0107 formularz zg\u0142oszeniowy, dlatego w celu rejestracji nale\u017cy wykorzysta\u0107 kupon otrzymany od cz\u0142onk\u00f3w dru\u017cyny Sponsorzy.<\/p>\n\n\n\n<h2 class=\"wp-block-heading\" style=\"padding-top:var(--wp--preset--spacing--40)\">Bilety dla prelegent\u00f3w<\/h2>\n\n\n\n<p>Zostanie prelegentem WordCamp Gliwice jest jednoznaczne z otrzymaniem bezp\u0142atnego biletu wst\u0119pu na konferencj\u0119. Jednak ka\u017cdy uczestnik i prelegent musi wype\u0142ni\u0107 formularz zg\u0142oszeniowy, dlatego w celu rejestracji nale\u017cy wykorzysta\u0107 kupon otrzymany od jednego z cz\u0142onk\u00f3w dru\u017cyny Prelegenci.<\/p>\n","protected":false},"excerpt":{"rendered":"<p>Sprzeda\u017c bilet\u00f3w odb\u0119dzie si\u0119 w dw\u00f3ch turach i potrwa do 7 maja 2023 roku lub do wyczerpania bilet\u00f3w. Ze wzgl\u0119d\u00f3w organizacyjnych zakup biletu po 26 kwietnia nie uwzgl\u0119dnia otrzymania wybranej koszulki. Zakup biletu&nbsp;\ud83c\udf9f\ufe0f upowa\u017cnia Ci\u0119&nbsp;do: Poza tym&nbsp;cena biletu \ud83c\udf9f\ufe0f obejmuje: P\u0142atno\u015bci za bilety mo\u017cna dokona\u0107 za po\u015brednictwem&nbsp;PayPal lub karty kredytowej (Stripe). Aby otrzyma\u0107 faktur\u0119, na [&hellip;]<\/p>\n","protected":false},"author":5600279,"featured_media":0,"parent":0,"menu_order":0,"comment_status":"closed","ping_status":"closed","template":"","meta":{"jetpack_post_was_ever_published":false,"footnotes":""},"class_list":["post-2149","page","type-page","status-publish","hentry"],"jetpack_sharing_enabled":true,"_links":{"self":[{"href":"https:\/\/gliwice.wordcamp.org\/2023\/wp-json\/wp\/v2\/pages\/2149","targetHints":{"allow":["GET"]}}],"collection":[{"href":"https:\/\/gliwice.wordcamp.org\/2023\/wp-json\/wp\/v2\/pages"}],"about":[{"href":"https:\/\/gliwice.wordcamp.org\/2023\/wp-json\/wp\/v2\/types\/page"}],"author":[{"embeddable":true,"href":"https:\/\/gliwice.wordcamp.org\/2023\/wp-json\/wp\/v2\/users\/5600279"}],"replies":[{"embeddable":true,"href":"https:\/\/gliwice.wordcamp.org\/2023\/wp-json\/wp\/v2\/comments?post=2149"}],"version-history":[{"count":16,"href":"https:\/\/gliwice.wordcamp.org\/2023\/wp-json\/wp\/v2\/pages\/2149\/revisions"}],"predecessor-version":[{"id":4014,"href":"https:\/\/gliwice.wordcamp.org\/2023\/wp-json\/wp\/v2\/pages\/2149\/revisions\/4014"}],"wp:attachment":[{"href":"https:\/\/gliwice.wordcamp.org\/2023\/wp-json\/wp\/v2\/media?parent=2149"}],"curies":[{"name":"wp","href":"https:\/\/api.w.org\/{rel}","templated":true}]}}