{"id":13,"date":"2024-01-31T10:38:11","date_gmt":"2024-01-31T09:38:11","guid":{"rendered":"https:\/\/gliwice.wordcamp.org\/2024\/?page_id=13"},"modified":"2024-04-13T01:06:26","modified_gmt":"2024-04-12T23:06:26","slug":"bilety","status":"publish","type":"page","link":"https:\/\/gliwice.wordcamp.org\/2024\/bilety\/","title":{"rendered":"Bilety"},"content":{"rendered":"\n<div class=\"wp-block-columns is-layout-flex wp-container-core-columns-is-layout-28f84493 wp-block-columns-is-layout-flex\">\n<div class=\"wp-block-column is-vertically-aligned-bottom is-layout-flow wp-block-column-is-layout-flow\" style=\"flex-basis:20%\">\n<figure class=\"wp-block-image aligncenter size-full is-resized\"><img decoding=\"async\" src=\"https:\/\/gliwice.wordcamp.org\/2023\/files\/2023\/02\/thumb__96_96_0_0_crop.png\" alt=\"\" class=\"wp-image-1953\" \/><\/figure>\n<\/div>\n\n\n\n<div class=\"wp-block-column is-layout-flow wp-block-column-is-layout-flow\">\n<h4 class=\"wp-block-heading\">Czas na las!<\/h4>\n\n\n\n<p>Ka\u017cdy zakupiony bilet \ud83c\udf9f\ufe0f to jedno zasadzone drzewo \ud83c\udf33! <\/p>\n<\/div>\n\n\n\n<div class=\"wp-block-column is-vertically-aligned-center is-layout-flow wp-block-column-is-layout-flow\" style=\"flex-basis:20%\">\n<figure class=\"wp-block-image aligncenter size-full\"><img decoding=\"async\" src=\"https:\/\/gliwice.wordcamp.org\/2023\/files\/2023\/02\/drzewo.png\" alt=\"\" class=\"wp-image-1951\" \/><\/figure>\n<\/div>\n<\/div>\n\n\n<a href=\"https:\/\/gliwice.wordcamp.org\/2024\/bilety\/\">Aby kupi\u0107 lub zarz\u0105dza\u0107 biletami, otw\u00f3rz t\u0119 stron\u0119 w przegl\u0105darce.<\/a>\n\n\n\n<div style=\"height:15px\" aria-hidden=\"true\" class=\"wp-block-spacer\"><\/div>\n\n\n\n<p><em>Je\u015bli potrzebujesz faktury, zaznacz pole &#8222;Potrzebuj\u0119 faktury&#8221; na ko\u0144cu formularza rejestracyjnego, a w polu &#8222;Adres odbiorcy&#8221; wpisz pe\u0142ny adres firmy &#8211; ulica, numer, kod pocztowy oraz miejscowo\u015b\u0107.<\/em><\/p>\n","protected":false},"excerpt":{"rendered":"<p>Czas na las! Ka\u017cdy zakupiony bilet \ud83c\udf9f\ufe0f to jedno zasadzone drzewo \ud83c\udf33! Je\u015bli potrzebujesz faktury, zaznacz pole &#8222;Potrzebuj\u0119 faktury&#8221; na ko\u0144cu formularza rejestracyjnego, a w polu &#8222;Adres odbiorcy&#8221; wpisz pe\u0142ny adres firmy &#8211; ulica, numer, kod pocztowy oraz miejscowo\u015b\u0107.<\/p>\n","protected":false},"author":5600279,"featured_media":1278,"parent":0,"menu_order":0,"comment_status":"closed","ping_status":"closed","template":"","meta":{"jetpack_post_was_ever_published":false,"footnotes":""},"class_list":["post-13","page","type-page","status-publish","has-post-thumbnail","hentry"],"jetpack_sharing_enabled":true,"_links":{"self":[{"href":"https:\/\/gliwice.wordcamp.org\/2024\/wp-json\/wp\/v2\/pages\/13","targetHints":{"allow":["GET"]}}],"collection":[{"href":"https:\/\/gliwice.wordcamp.org\/2024\/wp-json\/wp\/v2\/pages"}],"about":[{"href":"https:\/\/gliwice.wordcamp.org\/2024\/wp-json\/wp\/v2\/types\/page"}],"author":[{"embeddable":true,"href":"https:\/\/gliwice.wordcamp.org\/2024\/wp-json\/wp\/v2\/users\/5600279"}],"replies":[{"embeddable":true,"href":"https:\/\/gliwice.wordcamp.org\/2024\/wp-json\/wp\/v2\/comments?post=13"}],"version-history":[{"count":5,"href":"https:\/\/gliwice.wordcamp.org\/2024\/wp-json\/wp\/v2\/pages\/13\/revisions"}],"predecessor-version":[{"id":1304,"href":"https:\/\/gliwice.wordcamp.org\/2024\/wp-json\/wp\/v2\/pages\/13\/revisions\/1304"}],"wp:featuredmedia":[{"embeddable":true,"href":"https:\/\/gliwice.wordcamp.org\/2024\/wp-json\/wp\/v2\/media\/1278"}],"wp:attachment":[{"href":"https:\/\/gliwice.wordcamp.org\/2024\/wp-json\/wp\/v2\/media?parent=13"}],"curies":[{"name":"wp","href":"https:\/\/api.w.org\/{rel}","templated":true}]}}