{"id":2478,"date":"2024-04-08T15:56:13","date_gmt":"2024-04-08T13:56:13","guid":{"rendered":"https:\/\/gliwice.wordcamp.org\/2024\/?page_id=2478"},"modified":"2024-04-10T09:12:56","modified_gmt":"2024-04-10T07:12:56","slug":"bifor-party","status":"publish","type":"page","link":"https:\/\/gliwice.wordcamp.org\/2024\/bifor-party\/","title":{"rendered":"Bifore Party"},"content":{"rendered":"\n<p>Nie mo\u017cna pomin\u0105\u0107 integracji i rozm\u00f3w przy napojach podczas WordCampa! Ju\u017c w pi\u0105tek, 12 kwietnia zapraszamy Was na bifor party! Do\u0142\u0105cz do nas i skosztuj napoj\u00f3w takich jak \u2615\ufe0f,\ud83e\uddc3,\ud83c\udf7b, \ud83e\udd42,\ud83c\udf78,\ud83e\uddc9,\ud83c\udf77, \ud83e\udd43. Niech to b\u0119dzie okazja do nawi\u0105zania nowych znajomo\u015bci i wymiany my\u015bli z innymi entuzjastami WordPressa. Zapraszamy!<\/p>\n\n\n\n<p><strong>Godzina 19:00 &#8211; Dobry Zbeer&nbsp;<\/strong>(Gliwice, ul. Zygmunta Starego 11A).<\/p>\n\n\n\n<div style=\"height:10px\" aria-hidden=\"true\" class=\"wp-block-spacer\"><\/div>\n\n\n\n<figure class=\"wp-block-image alignwide size-full\"><img loading=\"lazy\" decoding=\"async\" width=\"1920\" height=\"1281\" src=\"https:\/\/gliwice.wordcamp.org\/2024\/files\/2024\/04\/c7eee552-fac6-4e67-99fe-c49150d44e0f-1.avif\" alt=\"\" class=\"wp-image-2482\" \/><\/figure>\n\n\n\n<figure class=\"wp-block-gallery has-nested-images columns-default is-cropped wp-block-gallery-1 is-layout-flex wp-block-gallery-is-layout-flex\">\n<figure class=\"wp-block-image size-full\"><img loading=\"lazy\" decoding=\"async\" width=\"341\" height=\"256\" data-id=\"2480\" src=\"https:\/\/gliwice.wordcamp.org\/2024\/files\/2024\/04\/3651f893-f495-4492-9bf0-4ad0edf3e60c.avif\" alt=\"\" class=\"wp-image-2480\" \/><\/figure>\n\n\n\n<figure class=\"wp-block-image size-full\"><img loading=\"lazy\" decoding=\"async\" width=\"341\" height=\"256\" data-id=\"2479\" src=\"https:\/\/gliwice.wordcamp.org\/2024\/files\/2024\/04\/d095620b-bfbc-479d-88bb-f245cb2e1436.avif\" alt=\"\" class=\"wp-image-2479\" \/><\/figure>\n<\/figure>\n","protected":false},"excerpt":{"rendered":"<p>Nie mo\u017cna pomin\u0105\u0107 integracji i rozm\u00f3w przy napojach podczas WordCampa! Ju\u017c w pi\u0105tek, 12 kwietnia zapraszamy Was na bifor party! Do\u0142\u0105cz do nas i skosztuj napoj\u00f3w takich jak \u2615\ufe0f,\ud83e\uddc3,\ud83c\udf7b, \ud83e\udd42,\ud83c\udf78,\ud83e\uddc9,\ud83c\udf77, \ud83e\udd43. Niech to b\u0119dzie okazja do nawi\u0105zania nowych znajomo\u015bci i wymiany my\u015bli z innymi entuzjastami WordPressa. Zapraszamy! Godzina 19:00 &#8211; Dobry Zbeer&nbsp;(Gliwice, ul. Zygmunta Starego [&hellip;]<\/p>\n","protected":false},"author":20861145,"featured_media":0,"parent":0,"menu_order":0,"comment_status":"closed","ping_status":"closed","template":"","meta":{"jetpack_post_was_ever_published":false,"footnotes":""},"class_list":["post-2478","page","type-page","status-publish","hentry"],"jetpack_sharing_enabled":true,"_links":{"self":[{"href":"https:\/\/gliwice.wordcamp.org\/2024\/wp-json\/wp\/v2\/pages\/2478","targetHints":{"allow":["GET"]}}],"collection":[{"href":"https:\/\/gliwice.wordcamp.org\/2024\/wp-json\/wp\/v2\/pages"}],"about":[{"href":"https:\/\/gliwice.wordcamp.org\/2024\/wp-json\/wp\/v2\/types\/page"}],"author":[{"embeddable":true,"href":"https:\/\/gliwice.wordcamp.org\/2024\/wp-json\/wp\/v2\/users\/20861145"}],"replies":[{"embeddable":true,"href":"https:\/\/gliwice.wordcamp.org\/2024\/wp-json\/wp\/v2\/comments?post=2478"}],"version-history":[{"count":4,"href":"https:\/\/gliwice.wordcamp.org\/2024\/wp-json\/wp\/v2\/pages\/2478\/revisions"}],"predecessor-version":[{"id":2650,"href":"https:\/\/gliwice.wordcamp.org\/2024\/wp-json\/wp\/v2\/pages\/2478\/revisions\/2650"}],"wp:attachment":[{"href":"https:\/\/gliwice.wordcamp.org\/2024\/wp-json\/wp\/v2\/media?parent=2478"}],"curies":[{"name":"wp","href":"https:\/\/api.w.org\/{rel}","templated":true}]}}