{"id":403,"date":"2024-01-15T12:45:43","date_gmt":"2024-01-15T11:45:43","guid":{"rendered":"https:\/\/gliwice.wordcamp.org\/2024\/?page_id=403"},"modified":"2024-05-07T23:58:21","modified_gmt":"2024-05-07T21:58:21","slug":"contributor-day","status":"publish","type":"page","link":"https:\/\/gliwice.wordcamp.org\/2024\/contributor-day\/","title":{"rendered":"Contributor Day"},"content":{"rendered":"\n<p class=\"has-custom-blue-ryb-color has-text-color\" style=\"font-size:1.4rem\">Contributor Day jest idealn\u0105 okazj\u0105, aby wnie\u015b\u0107 sw\u00f3j wk\u0142ad w rozw\u00f3j spo\u0142eczno\u015bci WordPress oraz zdoby\u0107 nowe umiej\u0119tno\u015bci. To tak\u017ce doskona\u0142y moment na <strong>nawi\u0105zanie kontakt\u00f3w z osobami o podobnych pasjach i wsp\u00f3\u0142prac\u0119 w przyjaznej, nieformalnej atmosferze<\/strong>.<\/p>\n\n\n\n<p>Contributor Day stanowi czas po\u015bwi\u0119cony na wsp\u00f3lne dzia\u0142ania naszej spo\u0142eczno\u015bci na rzecz rozwoju platformy WordPress. Ka\u017cdy, bez wzgl\u0119du na swoje do\u015bwiadczenie czy zaw\u00f3d, ma szans\u0119 przyczyni\u0107 si\u0119 do tego globalnego projektu. <\/p>\n\n\n\n<h2 class=\"wp-block-heading has-custom-orange-color has-text-color\"><strong>Kto mo\u017ce wzi\u0105\u0107 udzia\u0142? <\/strong><\/h2>\n\n\n\n<p><strong>Contributor Day jest dla wszystkich: dla programist\u00f3w, grafik\u00f3w, marketingowc\u00f3w, t\u0142umaczy, fotograf\u00f3w i os\u00f3b ka\u017cdej innej specjalizacji, z dowolnym poziomem do\u015bwiadczenia. Wszyscy jeste\u015bmy mile widziani. \u2764\ufe0f \ud83c\udf08<\/strong><\/p>\n\n\n\n<p>Contributor Day to dzie\u0144 po\u015bwi\u0119cony na rozwi\u0105zywanie istniej\u0105cych problem\u00f3w, tworzenie nowych materia\u0142\u00f3w oraz dodawanie fotografii do otwartej bazy medi\u00f3w. B\u0119dziemy zajmowa\u0107 si\u0119 usuwaniem b\u0142\u0119d\u00f3w oraz uzupe\u0142nianiem brakuj\u0105cych t\u0142umacze\u0144, wszystko to w otoczeniu entuzjast\u00f3w WordPressa.<\/p>\n\n\n\n<p>Je\u015bli chcesz uczestniczy\u0107 w Contributor Day, pierwszym krokiem jest zakupienie biletu na konferencj\u0119. Wkr\u00f3tce udost\u0119pnimy zainteresowanym osobom specjalny formularz rejestracyjny, w kt\u00f3rym b\u0119dzie mo\u017cna wyrazi\u0107 zainteresowanie udzia\u0142em w tej cz\u0119\u015bci konferencji oraz okre\u015bli\u0107, jakimi umiej\u0119tno\u015bciami chcesz przyczyni\u0107 si\u0119 do rozwoju WordPressa.<\/p>\n\n\n\n<h2 class=\"wp-block-heading\">Nie masz do\u015bwiadczenia? To \u017caden problem!<\/h2>\n\n\n\n<p>Contributor Day NIE jest wy\u0142\u0105cznie dla ekspert\u00f3w i os\u00f3b z wieloletnim do\u015bwiadczeniem. Jest to wydarzenie otwarte dla ka\u017cdego, kto jest ciekawy spotkania interesuj\u0105cych os\u00f3b i chce si\u0119 dowiedzie\u0107, jak mo\u017cna przyczyni\u0107 si\u0119 do rozwoju WordPressa oraz ca\u0142ej spo\u0142eczno\u015bci. Uczestnicz\u0105c w tym dniu konferencji, zdob\u0119dziesz wiedz\u0119 o tym, jak dzia\u0142a WordPress \u201eod kuchni\u201d oraz zrozumiesz, jak pot\u0119\u017cna jest nasza mi\u0119dzynarodowa spo\u0142eczno\u015b\u0107. Dodatkowo, Contributor Day to miejsce, gdzie spotykaj\u0105 si\u0119 wyj\u0105tkowi ludzie, wi\u0119c jest to idealna okazja do nawi\u0105zania nowych przyja\u017ani.<\/p>\n\n\n\n<div style=\"height:25px\" aria-hidden=\"true\" id=\"prepare\" class=\"wp-block-spacer\"><\/div>\n\n\n\n<h2 class=\"wp-block-heading\">Jak mog\u0119 si\u0119 przygotowa\u0107 na Contributor Day?&nbsp;<\/h2>\n\n\n\n<ol class=\"wp-block-list\">\n<li>Za\u0142\u00f3\u017c konto na&nbsp;<a href=\"https:\/\/login.wordpress.org\/register\">wordpress.org<\/a>. <\/li>\n\n\n\n<li>Zdj\u0119cie profilowe mo\u017cesz ustawi\u0107 za pomoc\u0105 strony <a href=\"https:\/\/gravatar.com\/\">gravatar.com<\/a>. <\/li>\n\n\n\n<li>Do\u0142\u0105cz do oficjalnego kana\u0142u Slack mi\u0119dzynarodowej spo\u0142eczno\u015bci WordPressa. Post\u0119puj zgodnie z list\u0105 krok\u00f3w:\n<ul class=\"wp-block-list\">\n<li>Zaloguj si\u0119 do swojego profilu na WordPress.org i otw\u00f3rz stron\u0119:&nbsp;<a href=\"https:\/\/make.wordpress.org\/chat\/\">WordPress + Slack<\/a>&nbsp;i kliknij specjalny link, kt\u00f3ry wygeneruje zaproszenie wysy\u0142ane na Tw\u00f3j email.<\/li>\n\n\n\n<li>Za pomoc\u0105 wiadomo\u015bci email zalogujesz si\u0119 na do aplikacji Slack. Do zalogowania u\u017cyj nast\u0119puj\u0105cego adresu email: {username}@chat.wordpress.org, gdzie {username} to Twoja nazwa u\u017cytkownika ustawiona dla profilu w wordpress.org.<\/li>\n<\/ul>\n<\/li>\n<\/ol>\n","protected":false},"excerpt":{"rendered":"<p>Contributor Day jest idealn\u0105 okazj\u0105, aby wnie\u015b\u0107 sw\u00f3j wk\u0142ad w rozw\u00f3j spo\u0142eczno\u015bci WordPress oraz zdoby\u0107 nowe umiej\u0119tno\u015bci. To tak\u017ce doskona\u0142y moment na nawi\u0105zanie kontakt\u00f3w z osobami o podobnych pasjach i wsp\u00f3\u0142prac\u0119 w przyjaznej, nieformalnej atmosferze. Contributor Day stanowi czas po\u015bwi\u0119cony na wsp\u00f3lne dzia\u0142ania naszej spo\u0142eczno\u015bci na rzecz rozwoju platformy WordPress. Ka\u017cdy, bez wzgl\u0119du na swoje [&hellip;]<\/p>\n","protected":false},"author":5600279,"featured_media":718,"parent":0,"menu_order":0,"comment_status":"closed","ping_status":"closed","template":"","meta":{"jetpack_post_was_ever_published":false,"footnotes":""},"class_list":["post-403","page","type-page","status-publish","has-post-thumbnail","hentry"],"jetpack_sharing_enabled":true,"_links":{"self":[{"href":"https:\/\/gliwice.wordcamp.org\/2024\/wp-json\/wp\/v2\/pages\/403","targetHints":{"allow":["GET"]}}],"collection":[{"href":"https:\/\/gliwice.wordcamp.org\/2024\/wp-json\/wp\/v2\/pages"}],"about":[{"href":"https:\/\/gliwice.wordcamp.org\/2024\/wp-json\/wp\/v2\/types\/page"}],"author":[{"embeddable":true,"href":"https:\/\/gliwice.wordcamp.org\/2024\/wp-json\/wp\/v2\/users\/5600279"}],"replies":[{"embeddable":true,"href":"https:\/\/gliwice.wordcamp.org\/2024\/wp-json\/wp\/v2\/comments?post=403"}],"version-history":[{"count":4,"href":"https:\/\/gliwice.wordcamp.org\/2024\/wp-json\/wp\/v2\/pages\/403\/revisions"}],"predecessor-version":[{"id":2838,"href":"https:\/\/gliwice.wordcamp.org\/2024\/wp-json\/wp\/v2\/pages\/403\/revisions\/2838"}],"wp:featuredmedia":[{"embeddable":true,"href":"https:\/\/gliwice.wordcamp.org\/2024\/wp-json\/wp\/v2\/media\/718"}],"wp:attachment":[{"href":"https:\/\/gliwice.wordcamp.org\/2024\/wp-json\/wp\/v2\/media?parent=403"}],"curies":[{"name":"wp","href":"https:\/\/api.w.org\/{rel}","templated":true}]}}